{"id":5750,"date":"2024-02-23T18:34:23","date_gmt":"2024-02-23T18:34:23","guid":{"rendered":"https:\/\/lotusbau.com\/?page_id=5750"},"modified":"2024-02-28T16:16:14","modified_gmt":"2024-02-28T16:16:14","slug":"ahsap-panel-cit","status":"publish","type":"page","link":"https:\/\/lotusbau.com\/index.php\/ahsap-panel-cit\/","title":{"rendered":"Ah\u015fap Panel \u00c7it"},"content":{"rendered":"<p>[vc_row][vc_column]<div id=\"ut_si_69e24c40a7fd7\" class=\"ut-skewed-image-border \"><div class=\"ut-skewed-image-border-slice\"><img class=\"ut-lazy\" src=\"data:image\/svg+xml;charset=utf-8,%3Csvg xmlns%3D'http%3A%2F%2Fwww.w3.org%2F2000%2Fsvg' viewBox%3D'0 0 800 600'%2F%3E\" data-src=\"https:\/\/lotusbau.com\/wp-content\/uploads\/2024\/02\/fender-street-wall-wooden-panel-house-fence-slats-protection-garden-access-home.jpg\"><\/div><div class=\"ut-skewed-image-border-slice\"><img class=\"ut-lazy\" src=\"data:image\/svg+xml;charset=utf-8,%3Csvg xmlns%3D'http%3A%2F%2Fwww.w3.org%2F2000%2Fsvg' viewBox%3D'0 0 800 600'%2F%3E\" data-src=\"https:\/\/lotusbau.com\/wp-content\/uploads\/2024\/02\/vegetation-hangs-wooden-bench.jpg\"><\/div><div class=\"ut-skewed-image-border-slice\"><img class=\"ut-lazy\" src=\"data:image\/svg+xml;charset=utf-8,%3Csvg xmlns%3D'http%3A%2F%2Fwww.w3.org%2F2000%2Fsvg' viewBox%3D'0 0 800 600'%2F%3E\" data-src=\"https:\/\/lotusbau.com\/wp-content\/uploads\/2024\/02\/full-frame-shot-wooden-fence.jpg\"><\/div><div class=\"ut-skewed-image-border-slice\"><img class=\"ut-lazy\" src=\"data:image\/svg+xml;charset=utf-8,%3Csvg xmlns%3D'http%3A%2F%2Fwww.w3.org%2F2000%2Fsvg' viewBox%3D'0 0 800 600'%2F%3E\" data-src=\"https:\/\/lotusbau.com\/wp-content\/uploads\/2024\/02\/full-frame-shot-bamboo.jpg\"><\/div><div class=\"ut-skewed-image-border-slice\"><img class=\"ut-lazy\" src=\"data:image\/svg+xml;charset=utf-8,%3Csvg xmlns%3D'http%3A%2F%2Fwww.w3.org%2F2000%2Fsvg' viewBox%3D'0 0 800 600'%2F%3E\" data-src=\"https:\/\/lotusbau.com\/wp-content\/uploads\/2024\/02\/wooden-fence-texture-background.jpg\"><\/div><div class=\"ut-skewed-image-border-slice\"><img class=\"ut-lazy\" src=\"data:image\/svg+xml;charset=utf-8,%3Csvg xmlns%3D'http%3A%2F%2Fwww.w3.org%2F2000%2Fsvg' viewBox%3D'0 0 800 600'%2F%3E\" data-src=\"https:\/\/lotusbau.com\/wp-content\/uploads\/2024\/02\/wooden-fence-green-grass-green-background.jpg\"><\/div><div class=\"ut-skewed-image-border-slice\"><img class=\"ut-lazy\" src=\"data:image\/svg+xml;charset=utf-8,%3Csvg xmlns%3D'http%3A%2F%2Fwww.w3.org%2F2000%2Fsvg' viewBox%3D'0 0 800 600'%2F%3E\" data-src=\"https:\/\/lotusbau.com\/wp-content\/uploads\/2024\/02\/pointed-wooden-fence-backdrop-house-with-surface-from-siding-background-image-wooden-fence-from-rectangular-planks-with-triangular-top-planks-fastened-crossbar-nails.jpg\"><\/div><\/div>[\/vc_column][\/vc_row][vc_row][vc_column][vc_column_text]<\/p>\n<p style=\"text-align: justify;\"><strong>Do\u011fal ve Estetik \u00c7\u00f6z\u00fcm: Ah\u015fap Panel \u00c7itler<\/strong><\/p>\n<p style=\"text-align: justify;\">Bah\u00e7enizi g\u00fczelle\u015ftirmenin en do\u011fal yolu: Ah\u015fap Panel \u00c7itler! Do\u011fal malzemelerin s\u0131cakl\u0131\u011f\u0131n\u0131 ve esteti\u011fini bah\u00e7enize ta\u015f\u0131yan \u00e7itlerimiz, sizlere konforlu ve \u015f\u0131k bir ya\u015fam alan\u0131 sunar. Ah\u015fap Panel \u00c7it \u00dcretimi, Montaj\u0131 ve Sat\u0131\u015f\u0131 olarak, size en kaliteli ve estetik \u00e7\u00f6z\u00fcmleri sunuyoruz.<\/p>\n<p style=\"text-align: justify;\"><strong>Do\u011fall\u0131\u011f\u0131n Zarafeti <\/strong><\/p>\n<p style=\"text-align: justify;\">Ah\u015fap panel \u00e7itlerimiz, do\u011fan\u0131n s\u0131cakl\u0131\u011f\u0131n\u0131 ve do\u011fall\u0131\u011f\u0131n\u0131 bah\u00e7enize ta\u015f\u0131r. Her bir panelden akan do\u011fal ah\u015fap dokusu, bah\u00e7enize ho\u015f bir atmosfer katar. Do\u011fan\u0131n g\u00fczelliklerini ya\u015famak isteyenler i\u00e7in ideal bir se\u00e7enektir.<\/p>\n<div id=\"attachment_5826\" style=\"width: 660px\" class=\"wp-caption alignleft\"><img aria-describedby=\"caption-attachment-5826\" decoding=\"async\" loading=\"lazy\" class=\"size-medium wp-image-5826\" src=\"https:\/\/lotusbau.com\/wp-content\/uploads\/2024\/02\/vegetation-hangs-wooden-bench-650x433.jpg\" alt=\"\" width=\"650\" height=\"433\" srcset=\"https:\/\/lotusbau.com\/wp-content\/uploads\/2024\/02\/vegetation-hangs-wooden-bench-650x433.jpg 650w, https:\/\/lotusbau.com\/wp-content\/uploads\/2024\/02\/vegetation-hangs-wooden-bench-1300x867.jpg 1300w, https:\/\/lotusbau.com\/wp-content\/uploads\/2024\/02\/vegetation-hangs-wooden-bench-325x217.jpg 325w, https:\/\/lotusbau.com\/wp-content\/uploads\/2024\/02\/vegetation-hangs-wooden-bench-768x512.jpg 768w, https:\/\/lotusbau.com\/wp-content\/uploads\/2024\/02\/vegetation-hangs-wooden-bench-1536x1024.jpg 1536w, https:\/\/lotusbau.com\/wp-content\/uploads\/2024\/02\/vegetation-hangs-wooden-bench-2048x1365.jpg 2048w, https:\/\/lotusbau.com\/wp-content\/uploads\/2024\/02\/vegetation-hangs-wooden-bench-1080x720.jpg 1080w\" sizes=\"(max-width: 650px) 100vw, 650px\" \/><p id=\"caption-attachment-5826\" class=\"wp-caption-text\">green vegetation hangs over a wooden bench<\/p><\/div>\n<p style=\"text-align: justify;\"><strong>Estetik ve \u015e\u0131kl\u0131k<\/strong><\/p>\n<p style=\"text-align: justify;\">Ah\u015fap panel \u00e7itler, bah\u00e7enize estetik bir g\u00f6r\u00fcn\u00fcm kazand\u0131r\u0131r. Zarif tasar\u0131mlar\u0131 ve do\u011fal malzemenin verdi\u011fi \u015f\u0131kl\u0131kla, bah\u00e7enizin s\u0131n\u0131rlar\u0131n\u0131 belirlerken ayn\u0131 zamanda g\u00f6z al\u0131c\u0131 bir dekoratif unsura d\u00f6n\u00fc\u015f\u00fcr. Geni\u015f renk ve model se\u00e7eneklerimizle, bah\u00e7enizin tarz\u0131na uygun bir \u00e7it bulabilirsiniz.<\/p>\n<p style=\"text-align: justify;\"><strong>Dayan\u0131kl\u0131 ve Uzun \u00d6m\u00fcrl\u00fc<\/strong><\/p>\n<p style=\"text-align: justify;\">\u00dcretimde kulland\u0131\u011f\u0131m\u0131z malzemeler, en y\u00fcksek kalitede ve dayan\u0131kl\u0131l\u0131kta se\u00e7ilir. Ah\u015fap panel \u00e7itlerimiz, d\u0131\u015f etkenlere kar\u015f\u0131 dayan\u0131kl\u0131d\u0131r ve uzun y\u0131llar boyunca g\u00fcvenle kullan\u0131labilir. Mevsim \u015fartlar\u0131na ve d\u0131\u015f etkenlere kar\u015f\u0131 diren\u00e7lidir, b\u00f6ylece uzun s\u00fcre estetik g\u00f6r\u00fcn\u00fcm\u00fcn\u00fc korur.<\/p>\n<p style=\"text-align: justify;\"><strong>Ki\u015fiselle\u015ftirilmi\u015f Tasar\u0131m<\/strong><\/p>\n<p style=\"text-align: justify;\">Her bah\u00e7enin ve m\u00fc\u015fterinin ihtiyac\u0131 farkl\u0131d\u0131r, bu y\u00fczden ah\u015fap panel \u00e7itlerimiz ki\u015fiselle\u015ftirilebilir. Alan\u0131n\u0131za uygun \u00f6l\u00e7\u00fclerde ve tarzlarda tasarlanabilir ve imalat\u0131 ger\u00e7ekle\u015ftirilebilir. Hayalinizdeki bah\u00e7eyi olu\u015fturmak i\u00e7in size geni\u015f bir yelpaze sunuyoruz.<\/p>\n<p style=\"text-align: justify;\"><strong>Profesyonel Montaj ve Destek<\/strong><\/p>\n<p style=\"text-align: justify;\">Ah\u015fap panel \u00e7itlerimizin montaj\u0131, deneyimli ve uzman ekiplerimiz taraf\u0131ndan titizlikle ger\u00e7ekle\u015ftirilir. Profesyonel hizmetimiz, m\u00fc\u015fteri memnuniyetini \u00f6n planda tutar ve her ad\u0131mda size destek olur. Montaj s\u00fcrecinde en ince detaylara dikkat edilir ve kaliteli bir sonu\u00e7 sunulur.<\/p>\n<p style=\"text-align: justify;\">Ah\u015fap Panel \u00c7it \u00dcretimi, Montaj\u0131 ve Sat\u0131\u015f\u0131 olarak, size do\u011fan\u0131n s\u0131cakl\u0131\u011f\u0131n\u0131 ve esteti\u011fini bah\u00e7enize getiren \u00e7\u00f6z\u00fcmler sunuyoruz. Do\u011fal malzemelerin zarafetiyle, bah\u00e7enizin g\u00fczelli\u011fini \u00f6n plana \u00e7\u0131kar\u0131n!<\/p>\n<p>[\/vc_column_text][\/vc_column][\/vc_row]<\/p>\n","protected":false},"excerpt":{"rendered":"<p>[vc_row][vc_column][\/vc_column][\/vc_row][vc_row][vc_column][vc_column_text] Do\u011fal ve Estetik \u00c7\u00f6z\u00fcm: Ah\u015fap Panel \u00c7itler Bah\u00e7enizi g\u00fczelle\u015ftirmenin en do\u011fal yolu: Ah\u015fap Panel \u00c7itler! Do\u011fal malzemelerin s\u0131cakl\u0131\u011f\u0131n\u0131 ve esteti\u011fini bah\u00e7enize ta\u015f\u0131yan \u00e7itlerimiz, sizlere konforlu ve \u015f\u0131k bir ya\u015fam alan\u0131 sunar. Ah\u015fap Panel \u00c7it \u00dcretimi, Montaj\u0131 ve Sat\u0131\u015f\u0131 olarak, size en kaliteli ve estetik \u00e7\u00f6z\u00fcmleri sunuyoruz. Do\u011fall\u0131\u011f\u0131n Zarafeti Ah\u015fap panel \u00e7itlerimiz, do\u011fan\u0131n s\u0131cakl\u0131\u011f\u0131n\u0131 ve [&hellip;]<\/p>\n","protected":false},"author":1,"featured_media":0,"parent":0,"menu_order":0,"comment_status":"closed","ping_status":"closed","template":"","meta":[],"_links":{"self":[{"href":"https:\/\/lotusbau.com\/index.php\/wp-json\/wp\/v2\/pages\/5750"}],"collection":[{"href":"https:\/\/lotusbau.com\/index.php\/wp-json\/wp\/v2\/pages"}],"about":[{"href":"https:\/\/lotusbau.com\/index.php\/wp-json\/wp\/v2\/types\/page"}],"author":[{"embeddable":true,"href":"https:\/\/lotusbau.com\/index.php\/wp-json\/wp\/v2\/users\/1"}],"replies":[{"embeddable":true,"href":"https:\/\/lotusbau.com\/index.php\/wp-json\/wp\/v2\/comments?post=5750"}],"version-history":[{"count":2,"href":"https:\/\/lotusbau.com\/index.php\/wp-json\/wp\/v2\/pages\/5750\/revisions"}],"predecessor-version":[{"id":5832,"href":"https:\/\/lotusbau.com\/index.php\/wp-json\/wp\/v2\/pages\/5750\/revisions\/5832"}],"wp:attachment":[{"href":"https:\/\/lotusbau.com\/index.php\/wp-json\/wp\/v2\/media?parent=5750"}],"curies":[{"name":"wp","href":"https:\/\/api.w.org\/{rel}","templated":true}]}}